{"id":41,"date":"2017-05-02T23:30:34","date_gmt":"2017-05-02T21:30:34","guid":{"rendered":"http:\/\/www.studiogera.de\/001\/?page_id=41"},"modified":"2017-05-08T02:36:43","modified_gmt":"2017-05-08T00:36:43","slug":"benutzerhinweise","status":"publish","type":"page","link":"https:\/\/www.studiogera.de\/001\/benutzerhinweise\/","title":{"rendered":"HINWEISE"},"content":{"rendered":"<p>\u201eGera\u201c ist eine Internetpublikation mit regionalen und \u00fcberregionalen Inhalten. Erreichbar ist sie unter den Adressen gera-forum.de und studiogera.de. Leser haben die M\u00f6glichkeit, einzelne Artikel zu kommentieren. Hierbei ist folgendes zu beachten:<\/p>\n<p>I.<br \/>\nEs d\u00fcrfen keine Kommentare unter Angabe des amtlich beurkundeten Namens\/K\u00fcnstlernamens einer anderen Person ver\u00f6ffentlicht werden. Wenn Sie ihren Namen nicht angeben m\u00f6chten, verwenden Sie bitte Pseudonyme, die als solche erkennbar sind. Die Ver\u00f6ffentlichung von Kontaktdaten und Hausanschriften privater Personen ist nicht gestattet. Im Zweifelsfall werden entsprechende Kommentare ohne Ank\u00fcndigung gel\u00f6scht.<\/p>\n<p>II.<br \/>\nWerbung, obsz\u00f6ne Inhalte, Eintragungen ohne Sinn oder Bezug zum Thema, Verleumdungen sowie Aufrufe jedweder Art sind untersagt. Nicht gestattet sind auch Kommentare, die gegen Verfassung, geltendes Recht und Sitte versto\u00dfen und Hass oder Beleidigungen beinhalten.<\/p>\n<p>III.<br \/>\nJeder Kommentator ist f\u00fcr den Inhalt seines Beitrages verantwortlich und akzeptiert mit der Ver\u00f6ffentlichung die hier aufgestellten Regeln. Der Internetdienst \u00fcbernimmt keine Haftung.<\/p>\n<p>IIII.<br \/>\nKommentare, die gegen Regeln versto\u00dfen, werden gel\u00f6scht.<\/p>\n<p>V.<br \/>\nFragen zur Nutzung und dem Inhalt dieser Seiten werden unter post@studiogera.de beantwortet.<\/p>\n","protected":false},"excerpt":{"rendered":"<div class=\"mh-excerpt\"><p>\u201eGera\u201c ist eine Internetpublikation mit regionalen und \u00fcberregionalen Inhalten. Erreichbar ist sie unter den Adressen gera-forum.de und studiogera.de. Leser haben die M\u00f6glichkeit, einzelne Artikel zu kommentieren. Hierbei ist folgendes zu beachten: I. Es d\u00fcrfen keine <a class=\"mh-excerpt-more\" href=\"https:\/\/www.studiogera.de\/001\/benutzerhinweise\/\" title=\"HINWEISE\">[&#8230;]<\/a><\/p>\n<\/div>","protected":false},"author":1,"featured_media":0,"parent":0,"menu_order":0,"comment_status":"closed","ping_status":"closed","template":"","meta":{"footnotes":""},"class_list":["post-41","page","type-page","status-publish"],"_links":{"self":[{"href":"https:\/\/www.studiogera.de\/001\/wp-json\/wp\/v2\/pages\/41","targetHints":{"allow":["GET"]}}],"collection":[{"href":"https:\/\/www.studiogera.de\/001\/wp-json\/wp\/v2\/pages"}],"about":[{"href":"https:\/\/www.studiogera.de\/001\/wp-json\/wp\/v2\/types\/page"}],"author":[{"embeddable":true,"href":"https:\/\/www.studiogera.de\/001\/wp-json\/wp\/v2\/users\/1"}],"replies":[{"embeddable":true,"href":"https:\/\/www.studiogera.de\/001\/wp-json\/wp\/v2\/comments?post=41"}],"version-history":[{"count":7,"href":"https:\/\/www.studiogera.de\/001\/wp-json\/wp\/v2\/pages\/41\/revisions"}],"predecessor-version":[{"id":515,"href":"https:\/\/www.studiogera.de\/001\/wp-json\/wp\/v2\/pages\/41\/revisions\/515"}],"wp:attachment":[{"href":"https:\/\/www.studiogera.de\/001\/wp-json\/wp\/v2\/media?parent=41"}],"curies":[{"name":"wp","href":"https:\/\/api.w.org\/{rel}","templated":true}]}}